factors of 2529.
3, 281
List the prime factors of 2933.
7, 419
What are the prime factors of 6110?
2, 5, 13, 47
What are the prime factors of 7369?
7369
List the prime factors of 1224.
2, 3, 17
List the prime factors of 104335.
5, 7, 11, 271
What are the prime factors of 542?
2, 271
What are the prime factors of 17040?
2, 3, 5, 71
List the prime factors of 3539.
3539
List the prime factors of 399.
3, 7, 19
List the prime factors of 4801.
4801
What are the prime factors of 18456?
2, 3, 769
What are the prime factors of 6258?
2, 3, 7, 149
What are the prime factors of 5006?
2, 2503
List the prime factors of 3054.
2, 3, 509
List the prime factors of 15554.
2, 7, 11, 101
List the prime factors of 16656.
2, 3, 347
What are the prime factors of 5414?
2, 2707
What are the prime factors of 3119?
3119
List the prime factors of 99639.
3, 11071
List the prime factors of 6813.
3, 757
List the prime factors of 1082.
2, 541
What are the prime factors of 20967?
3, 29, 241
What are the prime factors of 16714?
2, 61, 137
What are the prime factors of 1649?
17, 97
List the prime factors of 803.
11, 73
What are the prime factors of 175?
5, 7
List the prime factors of 23441.
11, 2131
List the prime factors of 8519.
7, 1217
What are the prime factors of 106118?
2, 97, 547
List the prime factors of 5702.
2, 2851
What are the prime factors of 2884?
2, 7, 103
List the prime factors of 40106.
2, 11, 1823
What are the prime factors of 30564?
2, 3, 283
What are the prime factors of 17197?
29, 593
List the prime factors of 5425.
5, 7, 31
List the prime factors of 854.
2, 7, 61
List the prime factors of 3068.
2, 13, 59
What are the prime factors of 2045?
5, 409
What are the prime factors of 8601?
3, 47, 61
What are the prime factors of 52108?
2, 7, 1861
What are the prime factors of 18353?
18353
List the prime factors of 658.
2, 7, 47
What are the prime factors of 2408?
2, 7, 43
List the prime factors of 374.
2, 11, 17
List the prime factors of 366.
2, 3, 61
What are the prime factors of 18131?
18131
List the prime factors of 152787.
3, 50929
What are the prime factors of 5022?
2, 3, 31
What are the prime factors of 3831?
3, 1277
What are the prime factors of 1319?
1319
List the prime factors of 31066.
2, 7, 317
What are the prime factors of 19075?
5, 7, 109
List the prime factors of 76.
2, 19
What are the prime factors of 5661?
3, 17, 37
What are the prime factors of 3641?
11, 331
What are the prime factors of 1908?
2, 3, 53
What are the prime factors of 1014?
2, 3, 13
List the prime factors of 179.
179
What are the prime factors of 63584?
2, 1987
What are the prime factors of 64356?
2, 3, 31, 173
What are the prime factors of 2035?
5, 11, 37
List the prime factors of 3107.
13, 239
List the prime factors of 19153.
107, 179
List the prime factors of 5100.
2, 3, 5, 17
What are the prime factors of 915?
3, 5, 61
What are the prime factors of 2319?
3, 773
List the prime factors of 19105.
5, 3821
What are the prime factors of 2059?
29, 71
List the prime factors of 2790.
2, 3, 5, 31
What are the prime factors of 133732?
2, 67, 499
What are the prime factors of 16007?
16007
What are the prime factors of 2142?
2, 3, 7, 17
List the prime factors of 10758.
2, 3, 11, 163
List the prime factors of 493.
17, 29
List the prime factors of 20271.
3, 29, 233
List the prime factors of 5299.
7, 757
What are the prime factors of 1574?
2, 787
What are the prime factors of 54469?
54469
What are the prime factors of 458?
2, 229
List the prime factors of 7954.
2, 41, 97
What are the prime factors of 289?
17
What are the prime factors of 6915?
3, 5, 461
What are the prime factors of 12257?
7, 17, 103
What are the prime factors of 148062?
2, 3, 24677
List the prime factors of 21371.
7, 43, 71
What are the prime factors of 2780?
2, 5, 139
List the prime factors of 4373.
4373
List the prime factors of 606.
2, 3, 101
What are the prime factors of 150948?
2, 3, 7, 599
List the prime factors of 104530.
2, 5, 10453
List the prime factors of 868.
2, 7, 31
What are the prime factors of 386?
2, 193
What are the prime factors of 11082?
2, 3, 1847
What are the prime factors of 53459?
7, 1091
List the prime factors of 416.
2, 13
What are the prime factors of 48470?
2, 5, 37, 131
What are the prime factors of 1668?
2, 3, 139
List the prime factors of 5867.
5867
What are the prime factors of 7011?
3, 19, 41
List the prime factors of 2316.
2, 3, 193
What are the prime factors of 24404?
2, 6101
What are the prime factors of 2348?
2, 587
What are the prime factors of 29218?
2, 7, 2087
What are the prime factors of 1480?
2, 5, 37
List the prime factors of 670.
2, 5, 67
What are the prime factors of 17772?
2, 3, 1481
List the prime factors of 1449.
3, 7, 23
List the prime factors of 3418.
2, 1709
What are the prime factors of 1629?
3, 181
What are the prime factors of 22139?
13, 131
What are the prime factors of 1905?
3, 5, 127
What are the prime factors of 1881?
3, 11, 19
What are the prime factors of 24423?
3, 7, 1163
What are the prime factors of 2044?
2, 7, 73
What are the prime factors of 18345?
3, 5, 1223
What are the prime factors of 796?
2, 199
What are the prime factors of 28285?
5, 5657
What are the prime factors of 16144?
2, 1009
What are the prime factors of 12416?
2, 97
List the prime factors of 2526.
2, 3, 421
What are the prime factors of 805?
5, 7, 23
List the prime factors of 68031.
3, 7559
What are the prime factors of 916?
2, 229
What are the prime factors of 591?
3, 197
What are the prime factors of 144?
2, 3
List the prime factors of 3181.
3181
List the prime factors of 1510.
2, 5, 151
List the prime factors of 39279.
3, 13093
What are the prime factors of 23162?
2, 37, 313
What are the prime factors of 6330?
2, 3, 5, 211
List the prime factors of 2568.
2, 3, 107
List the prime factors of 169578.
2, 3, 9421
List the prime factors of 9730.
2, 5, 7, 139
List the prime factors of 22518.
2, 3, 139
List the prime factors of 27949.
19, 1471
List the prime factors of 1220.
2, 5, 61
List the prime factors of 34599.
3, 19, 607
List the prime factors of 13321.
7, 11, 173
List the prime factors of 13714.
2, 6857
List the prime factors of 82841.
11, 17, 443
List the prime factors of 4238.
2, 13, 163
List the prime factors of 335.
5, 67
List the prime factors of 3946.
2, 1973
What are the prime factors of 1009?
1009
List the prime factors of 2378.
2, 29, 41
List the prime factors of 1391.
13, 107
List the prime factors of 2185.
5, 19, 23
List the prime factors of 19276.
2, 61, 79
List the prime factors of 14562.
2, 3, 809
What are the prime factors of 774?
2, 3, 43
What are the prime factors of 692?
2, 173
What are the prime factors of 36829?
13, 2833
What are the prime factors of 59655?
3, 5, 41, 97
What are the prime factors of 2872?
2, 359
What are the prime factors of 2047?
23, 89
What are the prime factors of 6447?
3, 7, 307
List the prime factors of 813.
3, 271
What are the prime factors of 166?
2, 83
List the prime factors of 31384.
2, 3923
What are the prime factors of 14280?
2, 3, 5, 7, 17
List the prime factors of 821.
821
What are the prime factors of 5014?
2, 23, 109
What are the prime factors of 460?
2, 5, 23
List the prime factors of 240.
2, 3, 5
What are the prime factors of 1530?
2, 3, 5, 17
What are the prime factors of 780?
2, 3, 5, 13
What are the prime factors of 3931?
3931
List the prime factors of 75924.
2, 3, 19, 37
List the prime factors of 1740.
2, 3, 5, 29
What are the prime factors of 107689?
113, 953
What are the prime factors of 144326?
2, 7, 13, 61
What are the prime factors of 4507?
4507
What are the prime factors of 32208?
2, 3, 11, 61
List the prime factors of 1318.
2, 659
What are the prime factors of 25546?
2, 53, 241
What are the prime factors of 17926?
2, 8963
List the prime factors of 1776.
2, 3, 37
What are the prime factors of 36431?
17, 2143
What are the prime factors of 35717?
11, 17, 191
List the prime factors of 7419.
3, 2473
What are the prime factors of 8341?
19, 439
List the prime factors of 37683.
3, 53, 79
List the prime factors of 5443.
5443
List the prime factors of 315.
3, 5, 7
List the prime factors of 12763.
12763
What are the prime factors of 5810?
2, 5, 7, 83
List the prime factors of 17523.
3, 11, 59
List the prime factors of 5320.
2, 5, 7, 19
Wha